{"id":31,"date":"2016-07-13T10:59:47","date_gmt":"2016-07-13T10:59:47","guid":{"rendered":"http:\/\/phproject.hu\/?page_id=31"},"modified":"2026-01-22T15:42:40","modified_gmt":"2026-01-22T15:42:40","slug":"elerhetoseg","status":"publish","type":"page","link":"https:\/\/www.jnszvfa.hu\/?page_id=31","title":{"rendered":"El\u00e9rhet\u0151s\u00e9g"},"content":{"rendered":"<hr \/>\n<p>c\u00edm: 5000 Szolnok, J\u00f3zsef A. \u00fat 83. D. \u00e9p\u00fclet 2. emelet<\/p>\n<p>mikrohitel \u00fcgyint\u00e9z\u00e9s: +3620\/9693-073<\/p>\n<p>\u00e1ltal\u00e1nos \u00fcgyint\u00e9z\u00e9s: +3670\/3620-509<\/p>\n<p>e-mail: <a href=\"mailto:info@jnszvfa.hu\">info@jnszvfa.hu<\/a><\/p>\n<p>\u00dcgyf\u00e9lfogad\u00e1si id\u00f5: h\u00e9tf\u00f5t\u00f5l &#8211; cs\u00fct\u00f6rt\u00f6kig: 09:00-13:00-ig<\/p>\n<p>Tisztelt \u00dcgyfel\u00fcnk! Miel\u0151tt szem\u00e9lyesen felkeresn\u00e9 Alap\u00edtv\u00e1nyunkat, sz\u00edveskedj\u00e9k telefonon id\u0151pontot egyeztetni.<\/p>\n","protected":false},"excerpt":{"rendered":"<p>c\u00edm: 5000 Szolnok, J\u00f3zsef A. \u00fat 83. D. \u00e9p\u00fclet 2. emelet mikrohitel \u00fcgyint\u00e9z\u00e9s: +3620\/9693-073 \u00e1ltal\u00e1nos \u00fcgyint\u00e9z\u00e9s: +3670\/3620-509 e-mail: info@jnszvfa.hu \u00dcgyf\u00e9lfogad\u00e1si id\u00f5: h\u00e9tf\u00f5t\u00f5l &#8211; cs\u00fct\u00f6rt\u00f6kig: 09:00-13:00-ig Tisztelt \u00dcgyfel\u00fcnk! Miel\u0151tt szem\u00e9lyesen felkeresn\u00e9 Alap\u00edtv\u00e1nyunkat, sz\u00edveskedj\u00e9k telefonon id\u0151pontot egyeztetni.<\/p>\n","protected":false},"author":1,"featured_media":0,"parent":13,"menu_order":4,"comment_status":"closed","ping_status":"closed","template":"","meta":{"footnotes":""},"class_list":["post-31","page","type-page","status-publish","hentry"],"_links":{"self":[{"href":"https:\/\/www.jnszvfa.hu\/index.php?rest_route=\/wp\/v2\/pages\/31","targetHints":{"allow":["GET"]}}],"collection":[{"href":"https:\/\/www.jnszvfa.hu\/index.php?rest_route=\/wp\/v2\/pages"}],"about":[{"href":"https:\/\/www.jnszvfa.hu\/index.php?rest_route=\/wp\/v2\/types\/page"}],"author":[{"embeddable":true,"href":"https:\/\/www.jnszvfa.hu\/index.php?rest_route=\/wp\/v2\/users\/1"}],"replies":[{"embeddable":true,"href":"https:\/\/www.jnszvfa.hu\/index.php?rest_route=%2Fwp%2Fv2%2Fcomments&post=31"}],"version-history":[{"count":12,"href":"https:\/\/www.jnszvfa.hu\/index.php?rest_route=\/wp\/v2\/pages\/31\/revisions"}],"predecessor-version":[{"id":418,"href":"https:\/\/www.jnszvfa.hu\/index.php?rest_route=\/wp\/v2\/pages\/31\/revisions\/418"}],"up":[{"embeddable":true,"href":"https:\/\/www.jnszvfa.hu\/index.php?rest_route=\/wp\/v2\/pages\/13"}],"wp:attachment":[{"href":"https:\/\/www.jnszvfa.hu\/index.php?rest_route=%2Fwp%2Fv2%2Fmedia&parent=31"}],"curies":[{"name":"wp","href":"https:\/\/api.w.org\/{rel}","templated":true}]}}