{"id":29,"date":"2016-07-13T10:59:08","date_gmt":"2016-07-13T10:59:08","guid":{"rendered":"http:\/\/phproject.hu\/?page_id=29"},"modified":"2022-02-21T09:20:08","modified_gmt":"2022-02-21T09:20:08","slug":"munkatarsaink","status":"publish","type":"page","link":"https:\/\/www.jnszvfa.hu\/?page_id=29","title":{"rendered":"Munkat\u00e1rsaink"},"content":{"rendered":"<hr>\n<p><strong>Ulviczki \u00c9va<\/strong><br>mikrohitel menedzser<br>Telefon: +3620\/9693073<br>e-mail: <a href=\"mailto:ulviczki@jnszvfa.hu\">ulviczki@jnszvfa.hu<\/a><\/p>\n<p>Repka J\u00e1nosn\u00e9<br>\u00e1ltal\u00e1nos \u00fcgyint\u00e9z\u0151<br>Telefon: +3670\/3620509<br>e-mail: info@jnszvfa.hu; repkane@jnszvfa.hu<\/p>\n\n","protected":false},"excerpt":{"rendered":"<p>Ulviczki \u00c9vamikrohitel menedzserTelefon: +3620\/9693073e-mail: ulviczki@jnszvfa.hu Repka J\u00e1nosn\u00e9\u00e1ltal\u00e1nos \u00fcgyint\u00e9z\u0151Telefon: +3670\/3620509e-mail: info@jnszvfa.hu; repkane@jnszvfa.hu<\/p>\n","protected":false},"author":1,"featured_media":0,"parent":13,"menu_order":3,"comment_status":"closed","ping_status":"closed","template":"","meta":{"footnotes":""},"class_list":["post-29","page","type-page","status-publish","hentry"],"_links":{"self":[{"href":"https:\/\/www.jnszvfa.hu\/index.php?rest_route=\/wp\/v2\/pages\/29","targetHints":{"allow":["GET"]}}],"collection":[{"href":"https:\/\/www.jnszvfa.hu\/index.php?rest_route=\/wp\/v2\/pages"}],"about":[{"href":"https:\/\/www.jnszvfa.hu\/index.php?rest_route=\/wp\/v2\/types\/page"}],"author":[{"embeddable":true,"href":"https:\/\/www.jnszvfa.hu\/index.php?rest_route=\/wp\/v2\/users\/1"}],"replies":[{"embeddable":true,"href":"https:\/\/www.jnszvfa.hu\/index.php?rest_route=%2Fwp%2Fv2%2Fcomments&post=29"}],"version-history":[{"count":11,"href":"https:\/\/www.jnszvfa.hu\/index.php?rest_route=\/wp\/v2\/pages\/29\/revisions"}],"predecessor-version":[{"id":340,"href":"https:\/\/www.jnszvfa.hu\/index.php?rest_route=\/wp\/v2\/pages\/29\/revisions\/340"}],"up":[{"embeddable":true,"href":"https:\/\/www.jnszvfa.hu\/index.php?rest_route=\/wp\/v2\/pages\/13"}],"wp:attachment":[{"href":"https:\/\/www.jnszvfa.hu\/index.php?rest_route=%2Fwp%2Fv2%2Fmedia&parent=29"}],"curies":[{"name":"wp","href":"https:\/\/api.w.org\/{rel}","templated":true}]}}