{"id":15,"date":"2016-07-13T10:49:19","date_gmt":"2016-07-13T10:49:19","guid":{"rendered":"http:\/\/phproject.hu\/?page_id=15"},"modified":"2016-07-16T15:12:31","modified_gmt":"2016-07-16T15:12:31","slug":"halozat","status":"publish","type":"page","link":"https:\/\/www.jnszvfa.hu\/?page_id=15","title":{"rendered":"H\u00e1l\u00f3zat"},"content":{"rendered":"<hr \/>\n<p style=\"text-align: center;\">A Helyi V\u00e1llalkoz\u00f3i K\u00f6zpontok H\u00e1l\u00f3zata<\/p>\n<p style=\"text-align: center;\"><img loading=\"lazy\" decoding=\"async\" class=\"alignnone size-full wp-image-91\" src=\"http:\/\/phproject.hu\/wp-content\/uploads\/2016\/07\/magyarorszag_megyei_terkep.gif\" alt=\"magyarorszag_megyei_terkep\" width=\"890\" height=\"557\" \/><\/p>\n","protected":false},"excerpt":{"rendered":"<p>A Helyi V\u00e1llalkoz\u00f3i K\u00f6zpontok H\u00e1l\u00f3zata<\/p>\n","protected":false},"author":1,"featured_media":0,"parent":0,"menu_order":2,"comment_status":"closed","ping_status":"closed","template":"","meta":{"footnotes":""},"class_list":["post-15","page","type-page","status-publish","hentry"],"_links":{"self":[{"href":"https:\/\/www.jnszvfa.hu\/index.php?rest_route=\/wp\/v2\/pages\/15","targetHints":{"allow":["GET"]}}],"collection":[{"href":"https:\/\/www.jnszvfa.hu\/index.php?rest_route=\/wp\/v2\/pages"}],"about":[{"href":"https:\/\/www.jnszvfa.hu\/index.php?rest_route=\/wp\/v2\/types\/page"}],"author":[{"embeddable":true,"href":"https:\/\/www.jnszvfa.hu\/index.php?rest_route=\/wp\/v2\/users\/1"}],"replies":[{"embeddable":true,"href":"https:\/\/www.jnszvfa.hu\/index.php?rest_route=%2Fwp%2Fv2%2Fcomments&post=15"}],"version-history":[{"count":4,"href":"https:\/\/www.jnszvfa.hu\/index.php?rest_route=\/wp\/v2\/pages\/15\/revisions"}],"predecessor-version":[{"id":103,"href":"https:\/\/www.jnszvfa.hu\/index.php?rest_route=\/wp\/v2\/pages\/15\/revisions\/103"}],"wp:attachment":[{"href":"https:\/\/www.jnszvfa.hu\/index.php?rest_route=%2Fwp%2Fv2%2Fmedia&parent=15"}],"curies":[{"name":"wp","href":"https:\/\/api.w.org\/{rel}","templated":true}]}}